{"id":23,"date":"2022-12-09T01:29:44","date_gmt":"2022-12-09T01:29:44","guid":{"rendered":"https:\/\/cinatworld.org\/unicinat\/?page_id=23"},"modified":"2022-12-12T05:30:41","modified_gmt":"2022-12-12T05:30:41","slug":"oferta-academica","status":"publish","type":"page","link":"https:\/\/cinatworld.org\/unicinat\/oferta-academica\/","title":{"rendered":"Oferta Acad\u00e9mica"},"content":{"rendered":"\t\t<div data-elementor-type=\"wp-page\" data-elementor-id=\"23\" class=\"elementor elementor-23\">\n\t\t\t\t\t\t<section class=\"elementor-section elementor-top-section elementor-element elementor-element-9c2395a elementor-section-boxed elementor-section-height-default elementor-section-height-default\" data-id=\"9c2395a\" data-element_type=\"section\" data-e-type=\"section\">\n\t\t\t\t\t\t<div class=\"elementor-container elementor-column-gap-default\">\n\t\t\t\t\t<div class=\"elementor-column elementor-col-25 elementor-top-column elementor-element elementor-element-afae25f\" data-id=\"afae25f\" data-element_type=\"column\" data-e-type=\"column\">\n\t\t\t<div class=\"elementor-widget-wrap elementor-element-populated\">\n\t\t\t\t\t\t<div class=\"elementor-element elementor-element-0cec96a elementor-position-top elementor-widget elementor-widget-image-box\" data-id=\"0cec96a\" data-element_type=\"widget\" data-e-type=\"widget\" data-widget_type=\"image-box.default\">\n\t\t\t\t<div class=\"elementor-widget-container\">\n\t\t\t\t\t<div class=\"elementor-image-box-wrapper\"><figure class=\"elementor-image-box-img\"><a href=\"https:\/\/cinatworld.org\/unicinat\/licenciatura-en-bombero\/\" tabindex=\"-1\"><img fetchpriority=\"high\" decoding=\"async\" width=\"936\" height=\"566\" src=\"https:\/\/cinatworld.org\/unicinat\/wp-content\/uploads\/2022\/12\/cuerpo-bomberos-mexico-surgio-veracruz_0_1_800_497.jpeg\" class=\"attachment-full size-full wp-image-64\" alt=\"\" srcset=\"https:\/\/cinatworld.org\/unicinat\/wp-content\/uploads\/2022\/12\/cuerpo-bomberos-mexico-surgio-veracruz_0_1_800_497.jpeg 936w, https:\/\/cinatworld.org\/unicinat\/wp-content\/uploads\/2022\/12\/cuerpo-bomberos-mexico-surgio-veracruz_0_1_800_497-300x181.jpeg 300w, https:\/\/cinatworld.org\/unicinat\/wp-content\/uploads\/2022\/12\/cuerpo-bomberos-mexico-surgio-veracruz_0_1_800_497-768x464.jpeg 768w\" sizes=\"(max-width: 936px) 100vw, 936px\" \/><\/a><\/figure><div class=\"elementor-image-box-content\"><h3 class=\"elementor-image-box-title\"><a href=\"https:\/\/cinatworld.org\/unicinat\/licenciatura-en-bombero\/\">Licenciatura en Bombero<\/a><\/h3><\/div><\/div>\t\t\t\t<\/div>\n\t\t\t\t<\/div>\n\t\t\t\t<div class=\"elementor-element elementor-element-8bb525f elementor-widget elementor-widget-spacer\" data-id=\"8bb525f\" data-element_type=\"widget\" data-e-type=\"widget\" data-widget_type=\"spacer.default\">\n\t\t\t\t<div class=\"elementor-widget-container\">\n\t\t\t\t\t\t\t<div class=\"elementor-spacer\">\n\t\t\t<div class=\"elementor-spacer-inner\"><\/div>\n\t\t<\/div>\n\t\t\t\t\t\t<\/div>\n\t\t\t\t<\/div>\n\t\t\t\t<div class=\"elementor-element elementor-element-053dfcd elementor-align-center elementor-widget elementor-widget-button\" data-id=\"053dfcd\" data-element_type=\"widget\" data-e-type=\"widget\" data-widget_type=\"button.default\">\n\t\t\t\t<div class=\"elementor-widget-container\">\n\t\t\t\t\t\t\t\t\t<div class=\"elementor-button-wrapper\">\n\t\t\t\t\t<a class=\"elementor-button elementor-button-link elementor-size-sm\" href=\"https:\/\/cinatworld.org\/unicinat\/licenciatura-en-bombero\/\">\n\t\t\t\t\t\t<span class=\"elementor-button-content-wrapper\">\n\t\t\t\t\t\t\t\t\t<span class=\"elementor-button-text\">Ver Programa<\/span>\n\t\t\t\t\t<\/span>\n\t\t\t\t\t<\/a>\n\t\t\t\t<\/div>\n\t\t\t\t\t\t\t\t<\/div>\n\t\t\t\t<\/div>\n\t\t\t\t\t<\/div>\n\t\t<\/div>\n\t\t\t\t<div class=\"elementor-column elementor-col-25 elementor-top-column elementor-element elementor-element-553120d\" data-id=\"553120d\" data-element_type=\"column\" data-e-type=\"column\">\n\t\t\t<div class=\"elementor-widget-wrap elementor-element-populated\">\n\t\t\t\t\t\t<div class=\"elementor-element elementor-element-2382151 elementor-position-top elementor-widget elementor-widget-image-box\" data-id=\"2382151\" data-element_type=\"widget\" data-e-type=\"widget\" data-widget_type=\"image-box.default\">\n\t\t\t\t<div class=\"elementor-widget-container\">\n\t\t\t\t\t<div class=\"elementor-image-box-wrapper\"><figure class=\"elementor-image-box-img\"><a href=\"https:\/\/cinatworld.org\/unicinat\/licenciatura-en-seguridad-laboral-proteccion-civil-y-emergencias\/\" tabindex=\"-1\"><img decoding=\"async\" width=\"1380\" height=\"920\" src=\"https:\/\/cinatworld.org\/unicinat\/wp-content\/uploads\/2022\/12\/ingeniero-sombrero-duro-trabajador-construccion-profesional-seguridad-trabajo-industria-edificio-persona-gerente-servicio_10541-902.webp\" class=\"attachment-full size-full wp-image-137\" alt=\"\" srcset=\"https:\/\/cinatworld.org\/unicinat\/wp-content\/uploads\/2022\/12\/ingeniero-sombrero-duro-trabajador-construccion-profesional-seguridad-trabajo-industria-edificio-persona-gerente-servicio_10541-902.webp 1380w, https:\/\/cinatworld.org\/unicinat\/wp-content\/uploads\/2022\/12\/ingeniero-sombrero-duro-trabajador-construccion-profesional-seguridad-trabajo-industria-edificio-persona-gerente-servicio_10541-902-300x200.webp 300w, https:\/\/cinatworld.org\/unicinat\/wp-content\/uploads\/2022\/12\/ingeniero-sombrero-duro-trabajador-construccion-profesional-seguridad-trabajo-industria-edificio-persona-gerente-servicio_10541-902-1024x683.webp 1024w, https:\/\/cinatworld.org\/unicinat\/wp-content\/uploads\/2022\/12\/ingeniero-sombrero-duro-trabajador-construccion-profesional-seguridad-trabajo-industria-edificio-persona-gerente-servicio_10541-902-768x512.webp 768w\" sizes=\"(max-width: 1380px) 100vw, 1380px\" \/><\/a><\/figure><div class=\"elementor-image-box-content\"><h3 class=\"elementor-image-box-title\"><a href=\"https:\/\/cinatworld.org\/unicinat\/licenciatura-en-seguridad-laboral-proteccion-civil-y-emergencias\/\">Licenciatura en Seguridad Laboral, Protecci\u00f3n Civil y Emergencias<\/a><\/h3><\/div><\/div>\t\t\t\t<\/div>\n\t\t\t\t<\/div>\n\t\t\t\t<div class=\"elementor-element elementor-element-ed9ef92 elementor-widget elementor-widget-spacer\" data-id=\"ed9ef92\" data-element_type=\"widget\" data-e-type=\"widget\" data-widget_type=\"spacer.default\">\n\t\t\t\t<div class=\"elementor-widget-container\">\n\t\t\t\t\t\t\t<div class=\"elementor-spacer\">\n\t\t\t<div class=\"elementor-spacer-inner\"><\/div>\n\t\t<\/div>\n\t\t\t\t\t\t<\/div>\n\t\t\t\t<\/div>\n\t\t\t\t<div class=\"elementor-element elementor-element-ffff502 elementor-align-center elementor-widget elementor-widget-button\" data-id=\"ffff502\" data-element_type=\"widget\" data-e-type=\"widget\" data-widget_type=\"button.default\">\n\t\t\t\t<div class=\"elementor-widget-container\">\n\t\t\t\t\t\t\t\t\t<div class=\"elementor-button-wrapper\">\n\t\t\t\t\t<a class=\"elementor-button elementor-button-link elementor-size-sm\" href=\"https:\/\/cinatworld.org\/unicinat\/licenciatura-en-seguridad-laboral-proteccion-civil-y-emergencias\/\">\n\t\t\t\t\t\t<span class=\"elementor-button-content-wrapper\">\n\t\t\t\t\t\t\t\t\t<span class=\"elementor-button-text\">Ver Programa<\/span>\n\t\t\t\t\t<\/span>\n\t\t\t\t\t<\/a>\n\t\t\t\t<\/div>\n\t\t\t\t\t\t\t\t<\/div>\n\t\t\t\t<\/div>\n\t\t\t\t\t<\/div>\n\t\t<\/div>\n\t\t\t\t<div class=\"elementor-column elementor-col-25 elementor-top-column elementor-element elementor-element-9b4fc05\" data-id=\"9b4fc05\" data-element_type=\"column\" data-e-type=\"column\">\n\t\t\t<div class=\"elementor-widget-wrap elementor-element-populated\">\n\t\t\t\t\t\t<div class=\"elementor-element elementor-element-86c65ac elementor-position-top elementor-widget elementor-widget-image-box\" data-id=\"86c65ac\" data-element_type=\"widget\" data-e-type=\"widget\" data-widget_type=\"image-box.default\">\n\t\t\t\t<div class=\"elementor-widget-container\">\n\t\t\t\t\t<div class=\"elementor-image-box-wrapper\"><figure class=\"elementor-image-box-img\"><a href=\"https:\/\/cinatworld.org\/unicinat\/maestria-en-proteccion-civil-y-gestion-de-emergencias\/\" tabindex=\"-1\"><img decoding=\"async\" width=\"1216\" height=\"683\" src=\"https:\/\/cinatworld.org\/unicinat\/wp-content\/uploads\/2022\/12\/IMG_0929.jpg\" class=\"attachment-full size-full wp-image-165\" alt=\"\" srcset=\"https:\/\/cinatworld.org\/unicinat\/wp-content\/uploads\/2022\/12\/IMG_0929.jpg 1216w, https:\/\/cinatworld.org\/unicinat\/wp-content\/uploads\/2022\/12\/IMG_0929-300x169.jpg 300w, https:\/\/cinatworld.org\/unicinat\/wp-content\/uploads\/2022\/12\/IMG_0929-1024x575.jpg 1024w, https:\/\/cinatworld.org\/unicinat\/wp-content\/uploads\/2022\/12\/IMG_0929-768x431.jpg 768w\" sizes=\"(max-width: 1216px) 100vw, 1216px\" \/><\/a><\/figure><div class=\"elementor-image-box-content\"><h3 class=\"elementor-image-box-title\"><a href=\"https:\/\/cinatworld.org\/unicinat\/maestria-en-proteccion-civil-y-gestion-de-emergencias\/\">Maestr\u00eda en Protecci\u00f3n Civil y Gesti\u00f3n de Emergencias<\/a><\/h3><\/div><\/div>\t\t\t\t<\/div>\n\t\t\t\t<\/div>\n\t\t\t\t<div class=\"elementor-element elementor-element-48074d2 elementor-widget elementor-widget-spacer\" data-id=\"48074d2\" data-element_type=\"widget\" data-e-type=\"widget\" data-widget_type=\"spacer.default\">\n\t\t\t\t<div class=\"elementor-widget-container\">\n\t\t\t\t\t\t\t<div class=\"elementor-spacer\">\n\t\t\t<div class=\"elementor-spacer-inner\"><\/div>\n\t\t<\/div>\n\t\t\t\t\t\t<\/div>\n\t\t\t\t<\/div>\n\t\t\t\t<div class=\"elementor-element elementor-element-334604e elementor-align-center elementor-widget elementor-widget-button\" data-id=\"334604e\" data-element_type=\"widget\" data-e-type=\"widget\" data-widget_type=\"button.default\">\n\t\t\t\t<div class=\"elementor-widget-container\">\n\t\t\t\t\t\t\t\t\t<div class=\"elementor-button-wrapper\">\n\t\t\t\t\t<a class=\"elementor-button elementor-button-link elementor-size-sm\" href=\"https:\/\/cinatworld.org\/unicinat\/maestria-en-proteccion-civil-y-gestion-de-emergencias\/\">\n\t\t\t\t\t\t<span class=\"elementor-button-content-wrapper\">\n\t\t\t\t\t\t\t\t\t<span class=\"elementor-button-text\">Ver Programa<\/span>\n\t\t\t\t\t<\/span>\n\t\t\t\t\t<\/a>\n\t\t\t\t<\/div>\n\t\t\t\t\t\t\t\t<\/div>\n\t\t\t\t<\/div>\n\t\t\t\t\t<\/div>\n\t\t<\/div>\n\t\t\t\t<div class=\"elementor-column elementor-col-25 elementor-top-column elementor-element elementor-element-586a38b\" data-id=\"586a38b\" data-element_type=\"column\" data-e-type=\"column\">\n\t\t\t<div class=\"elementor-widget-wrap elementor-element-populated\">\n\t\t\t\t\t\t<div class=\"elementor-element elementor-element-ba4ae5e elementor-position-top elementor-widget elementor-widget-image-box\" data-id=\"ba4ae5e\" data-element_type=\"widget\" data-e-type=\"widget\" data-widget_type=\"image-box.default\">\n\t\t\t\t<div class=\"elementor-widget-container\">\n\t\t\t\t\t<div class=\"elementor-image-box-wrapper\"><figure class=\"elementor-image-box-img\"><a href=\"https:\/\/cinatworld.org\/unicinat\/doctorado-en-gestion-integral-de-riesgo-aplicado-a-desastres\/\" tabindex=\"-1\"><img loading=\"lazy\" decoding=\"async\" width=\"2560\" height=\"1707\" src=\"https:\/\/cinatworld.org\/unicinat\/wp-content\/uploads\/2022\/12\/how-is-your-deals-group-of-people-at-business-conference-in-modern-classroom-at-daytime-scaled.jpg\" class=\"attachment-full size-full wp-image-174\" alt=\"\" srcset=\"https:\/\/cinatworld.org\/unicinat\/wp-content\/uploads\/2022\/12\/how-is-your-deals-group-of-people-at-business-conference-in-modern-classroom-at-daytime-scaled.jpg 2560w, https:\/\/cinatworld.org\/unicinat\/wp-content\/uploads\/2022\/12\/how-is-your-deals-group-of-people-at-business-conference-in-modern-classroom-at-daytime-300x200.jpg 300w, https:\/\/cinatworld.org\/unicinat\/wp-content\/uploads\/2022\/12\/how-is-your-deals-group-of-people-at-business-conference-in-modern-classroom-at-daytime-1024x683.jpg 1024w, https:\/\/cinatworld.org\/unicinat\/wp-content\/uploads\/2022\/12\/how-is-your-deals-group-of-people-at-business-conference-in-modern-classroom-at-daytime-768x512.jpg 768w, https:\/\/cinatworld.org\/unicinat\/wp-content\/uploads\/2022\/12\/how-is-your-deals-group-of-people-at-business-conference-in-modern-classroom-at-daytime-1536x1024.jpg 1536w, https:\/\/cinatworld.org\/unicinat\/wp-content\/uploads\/2022\/12\/how-is-your-deals-group-of-people-at-business-conference-in-modern-classroom-at-daytime-2048x1365.jpg 2048w\" sizes=\"(max-width: 2560px) 100vw, 2560px\" \/><\/a><\/figure><div class=\"elementor-image-box-content\"><h3 class=\"elementor-image-box-title\"><a href=\"https:\/\/cinatworld.org\/unicinat\/doctorado-en-gestion-integral-de-riesgo-aplicado-a-desastres\/\">Doctorado en Gesti\u00f3n Integral De Riesgo Aplicado a Desastres<\/a><\/h3><\/div><\/div>\t\t\t\t<\/div>\n\t\t\t\t<\/div>\n\t\t\t\t<div class=\"elementor-element elementor-element-5ef3e72 elementor-widget elementor-widget-spacer\" data-id=\"5ef3e72\" data-element_type=\"widget\" data-e-type=\"widget\" data-widget_type=\"spacer.default\">\n\t\t\t\t<div class=\"elementor-widget-container\">\n\t\t\t\t\t\t\t<div class=\"elementor-spacer\">\n\t\t\t<div class=\"elementor-spacer-inner\"><\/div>\n\t\t<\/div>\n\t\t\t\t\t\t<\/div>\n\t\t\t\t<\/div>\n\t\t\t\t<div class=\"elementor-element elementor-element-780f5a1 elementor-align-center elementor-widget elementor-widget-button\" data-id=\"780f5a1\" data-element_type=\"widget\" data-e-type=\"widget\" data-widget_type=\"button.default\">\n\t\t\t\t<div class=\"elementor-widget-container\">\n\t\t\t\t\t\t\t\t\t<div class=\"elementor-button-wrapper\">\n\t\t\t\t\t<a class=\"elementor-button elementor-button-link elementor-size-sm\" href=\"https:\/\/cinatworld.org\/unicinat\/doctorado-en-gestion-integral-de-riesgo-aplicado-a-desastres\/\">\n\t\t\t\t\t\t<span class=\"elementor-button-content-wrapper\">\n\t\t\t\t\t\t\t\t\t<span class=\"elementor-button-text\">Ver Programa<\/span>\n\t\t\t\t\t<\/span>\n\t\t\t\t\t<\/a>\n\t\t\t\t<\/div>\n\t\t\t\t\t\t\t\t<\/div>\n\t\t\t\t<\/div>\n\t\t\t\t\t<\/div>\n\t\t<\/div>\n\t\t\t\t\t<\/div>\n\t\t<\/section>\n\t\t\t\t<\/div>\n\t\t","protected":false},"excerpt":{"rendered":"<p>Licenciatura en Bombero Ver Programa Licenciatura en Seguridad Laboral, Protecci\u00f3n Civil y Emergencias Ver Programa Maestr\u00eda en Protecci\u00f3n Civil y Gesti\u00f3n de Emergencias Ver Programa&hellip;<\/p>\n","protected":false},"author":2,"featured_media":0,"parent":0,"menu_order":0,"comment_status":"closed","ping_status":"closed","template":"","meta":{"footnotes":""},"class_list":["post-23","page","type-page","status-publish","hentry"],"_links":{"self":[{"href":"https:\/\/cinatworld.org\/unicinat\/wp-json\/wp\/v2\/pages\/23","targetHints":{"allow":["GET"]}}],"collection":[{"href":"https:\/\/cinatworld.org\/unicinat\/wp-json\/wp\/v2\/pages"}],"about":[{"href":"https:\/\/cinatworld.org\/unicinat\/wp-json\/wp\/v2\/types\/page"}],"author":[{"embeddable":true,"href":"https:\/\/cinatworld.org\/unicinat\/wp-json\/wp\/v2\/users\/2"}],"replies":[{"embeddable":true,"href":"https:\/\/cinatworld.org\/unicinat\/wp-json\/wp\/v2\/comments?post=23"}],"version-history":[{"count":8,"href":"https:\/\/cinatworld.org\/unicinat\/wp-json\/wp\/v2\/pages\/23\/revisions"}],"predecessor-version":[{"id":213,"href":"https:\/\/cinatworld.org\/unicinat\/wp-json\/wp\/v2\/pages\/23\/revisions\/213"}],"wp:attachment":[{"href":"https:\/\/cinatworld.org\/unicinat\/wp-json\/wp\/v2\/media?parent=23"}],"curies":[{"name":"wp","href":"https:\/\/api.w.org\/{rel}","templated":true}]}}